{"id":231,"date":"2019-06-21T13:15:37","date_gmt":"2019-06-21T13:15:37","guid":{"rendered":"http:\/\/www.ucluce.org\/?page_id=231"},"modified":"2021-03-14T16:55:18","modified_gmt":"2021-03-14T16:55:18","slug":"lezzetlerimiz","status":"publish","type":"page","link":"https:\/\/www.ucluce.org\/?page_id=231","title":{"rendered":"Lezzetlerimiz"},"content":{"rendered":"\n<p>S\u00fctl\u00fc Pirin\u00e7 \u00c7orbas\u0131:<\/p>\n\n\n\n<p>K\u00f6y\u00fcm\u00fcz\u00fcn en me\u015fhur ve geleneksel lezzetidir. \u00d6zellikle her bayram sabah\u0131 b\u00fct\u00fcn evlerde yap\u0131l\u0131r. Misafirlere ikram edilen bayram yemeklerinde sofran\u0131n olmazsa olmaz\u0131d\u0131r.<\/p>\n\n\n\n<p>M\u0131s\u0131r Unlu P\u0131s:<\/p>\n\n\n\n<p>Y\u00f6remize ait olan bu yemek farkl\u0131 bir isme sahiptir. K\u00f6kl\u00fc bir ge\u00e7mi\u015fi olan il\u00e7emiz halk\u0131n\u0131n a\u011f\u0131z ve konu\u015fma \u015feklinden \u00f6t\u00fcr\u00fc di\u011fer y\u00f6relerin pek bilemedi\u011fi bir isme sahiptir. M\u0131s\u0131r unu ve k\u0131yma ile yap\u0131lan yeme\u011fin a\u015famalar\u0131 kolay olsa da yerel halk d\u0131\u015f\u0131nda bu yeme\u011fi yapan pek kimse yoktur.<\/p>\n\n\n\n<p>Patates Y\u0131\u011fmas\u0131:<\/p>\n\n\n\n<p>Yuvarlak dilimlenmi\u015f patates ve pirin\u00e7le sal\u00e7al\u0131 mevsime g\u00f6re domatesli olarak yap\u0131l\u0131r.<\/p>\n","protected":false},"excerpt":{"rendered":"<p>S\u00fctl\u00fc Pirin\u00e7 \u00c7orbas\u0131: K\u00f6y\u00fcm\u00fcz\u00fcn en me\u015fhur ve geleneksel lezzetidir. \u00d6zellikle&#8230;<\/p>\n","protected":false},"author":1,"featured_media":0,"parent":0,"menu_order":0,"comment_status":"closed","ping_status":"closed","template":"","meta":[],"_links":{"self":[{"href":"https:\/\/www.ucluce.org\/index.php?rest_route=\/wp\/v2\/pages\/231"}],"collection":[{"href":"https:\/\/www.ucluce.org\/index.php?rest_route=\/wp\/v2\/pages"}],"about":[{"href":"https:\/\/www.ucluce.org\/index.php?rest_route=\/wp\/v2\/types\/page"}],"author":[{"embeddable":true,"href":"https:\/\/www.ucluce.org\/index.php?rest_route=\/wp\/v2\/users\/1"}],"replies":[{"embeddable":true,"href":"https:\/\/www.ucluce.org\/index.php?rest_route=%2Fwp%2Fv2%2Fcomments&post=231"}],"version-history":[{"count":9,"href":"https:\/\/www.ucluce.org\/index.php?rest_route=\/wp\/v2\/pages\/231\/revisions"}],"predecessor-version":[{"id":937,"href":"https:\/\/www.ucluce.org\/index.php?rest_route=\/wp\/v2\/pages\/231\/revisions\/937"}],"wp:attachment":[{"href":"https:\/\/www.ucluce.org\/index.php?rest_route=%2Fwp%2Fv2%2Fmedia&parent=231"}],"curies":[{"name":"wp","href":"https:\/\/api.w.org\/{rel}","templated":true}]}}