{"id":630,"date":"2020-07-18T11:35:30","date_gmt":"2020-07-18T11:35:30","guid":{"rendered":"http:\/\/www.ucluce.org\/?page_id=630"},"modified":"2020-07-18T11:35:30","modified_gmt":"2020-07-18T11:35:30","slug":"genclik-kollari","status":"publish","type":"page","link":"https:\/\/www.ucluce.org\/?page_id=630","title":{"rendered":"Gen\u00e7lik kollar\u0131"},"content":{"rendered":"\n<p>Sevgili Ge\u00e7nler;<\/p>\n\n\n\n<p>Derne\u011fimiz GEN\u00c7L\u0130K KOLLARI kurulmu\u015ftur. K\u00f6y\u00fcm\u00fcz, k\u00f6yl\u00fclerimiz ve derne\u011fimiz i\u00e7in hay\u0131rl\u0131 olsun. G\u00fcn\u00fcm\u00fcz \u015fartlar\u0131nda \u00f6rf, adet ve geleneklerimizi gelecek nesillere aktarmak, birlik ve beraberli\u011fimizi peki\u015ftirmek i\u00e7in sivil toplum yani dernek \u00e7at\u0131s\u0131 alt\u0131nda toplanman\u0131n zorunlu hale geldi\u011fini hep birlikte g\u00f6r\u00fcyoruz.<\/p>\n\n\n\n<p>Derne\u011fimizin 18-35 ya\u015f aral\u0131\u011f\u0131nda bulunan mevcut \u00fcyelerimiz ve belirtilen ya\u015f aral\u0131\u011f\u0131nda yeni \u00fcyelerimiz Gen\u00e7lik Kollar\u0131\u2019n\u0131n do\u011fal \u00fcyeleri olacaklard\u0131r.<\/p>\n\n\n\n<p>Derne\u011fimize yapaca\u011f\u0131n\u0131z \u00fcyelik ba\u015fvurusunda verece\u011finiz ki\u015fisel bilgiler kesinlikle bir ba\u015fkas\u0131na verilmeyecek, derne\u011fin muhasibi d\u0131\u015f\u0131nda kimse taraf\u0131ndan g\u00f6r\u00fclmeyecektir. Derne\u011fimize a\u015fa\u011f\u0131daki linki t\u0131klayarak \u00fcye olabilirsiniz. \u00dcye oldu\u011funuz takdirde y\u0131ll\u0131k 50-TL \u00fcyelik aidat\u0131 bulunmaktad\u0131r. Sa\u011fl\u0131kl\u0131 huzurlu g\u00fcnler dileriz.<\/p>\n\n\n\n<p>H\u00fcseyin TUNA<\/p>\n\n\n\n<p>Gen\u00e7lik Kollar\u0131 Ba\u015fkan\u0131<\/p>\n\n\n\n<p>0 542 374 61 64<\/p>\n\n\n\n<p><\/p>\n\n\n\n<p><\/p>\n\n\n\n<p> <\/p>\n\n\n\n<p> .<\/p>\n\n\n\n<p>H\u00fcseyin TUNA kimdir?<\/p>\n\n\n\n<p>07.11.1988 tarihinde \u0130stanbul Kartal Yakac\u0131k\u2019ta do\u011fan H\u00fcseyin TUNA ayn\u0131 il\u00e7ede ikamet etmektedir. Baba taraf\u0131ndan k\u00f6y\u00fcm\u00fczden Tay\u0131nc\u0131 nam\u0131yla bilinen merhum H\u00fcseyin Tuna\u2019n\u0131n o\u011flu Salih Kaptan\u2019\u0131n o\u011flu, anne taraf\u0131ndan k\u00f6y\u00fcm\u00fczde uzun y\u0131llar muhtarl\u0131k yapan merhum Hasan G\u00dcNE\u015e\u2019in torunudur.<\/p>\n\n\n\n<p>\u0130lk orta ve lise e\u011fitimini ayn\u0131 il\u00e7ede tamamlayan H\u00fcseyin TUNA savunma sanayii sekt\u00f6r\u00fcnde \u00e7al\u0131\u015fmakta, ayr\u0131ca g\u0131da sekt\u00f6r\u00fcnde ticari faaliyette bulunmaktad\u0131r.<\/p>\n\n\n\n<p>H\u00fcseyin TUNA k\u00f6y\u00fcm\u00fcz sevdal\u0131s\u0131, k\u00f6y\u00fcm\u00fcz\u00fcn \u00f6rf, adet ve geleneklerini bilen ve ya\u015fatmaya gayret eden, ayr\u0131ca k\u00f6yl\u00fclerimizin \u00e7o\u011funlu\u011funu tan\u0131yan, her f\u0131rsatta k\u00f6y\u00fcm\u00fcze ziyarete gitmeye \u00e7al\u0131\u015fan, k\u00f6yl\u00fclerimizin etkinliklerine imkanlar \u00f6l\u00e7\u00fcs\u00fcnde kat\u0131lmaya \u00e7al\u0131\u015fan de\u011ferli bir hem\u015ferimizdir. Derne\u011fimize ve k\u00f6y\u00fcm\u00fcze yapaca\u011f\u0131 katk\u0131lardan dolay\u0131 kendisine \u015fimdiden te\u015fekk\u00fcr eder, ba\u015far\u0131lar dileriz.<\/p>\n","protected":false},"excerpt":{"rendered":"<p>Sevgili Ge\u00e7nler; Derne\u011fimiz GEN\u00c7L\u0130K KOLLARI kurulmu\u015ftur. K\u00f6y\u00fcm\u00fcz, k\u00f6yl\u00fclerimiz ve derne\u011fimiz&#8230;<\/p>\n","protected":false},"author":1,"featured_media":0,"parent":0,"menu_order":0,"comment_status":"closed","ping_status":"closed","template":"","meta":[],"_links":{"self":[{"href":"https:\/\/www.ucluce.org\/index.php?rest_route=\/wp\/v2\/pages\/630"}],"collection":[{"href":"https:\/\/www.ucluce.org\/index.php?rest_route=\/wp\/v2\/pages"}],"about":[{"href":"https:\/\/www.ucluce.org\/index.php?rest_route=\/wp\/v2\/types\/page"}],"author":[{"embeddable":true,"href":"https:\/\/www.ucluce.org\/index.php?rest_route=\/wp\/v2\/users\/1"}],"replies":[{"embeddable":true,"href":"https:\/\/www.ucluce.org\/index.php?rest_route=%2Fwp%2Fv2%2Fcomments&post=630"}],"version-history":[{"count":6,"href":"https:\/\/www.ucluce.org\/index.php?rest_route=\/wp\/v2\/pages\/630\/revisions"}],"predecessor-version":[{"id":636,"href":"https:\/\/www.ucluce.org\/index.php?rest_route=\/wp\/v2\/pages\/630\/revisions\/636"}],"wp:attachment":[{"href":"https:\/\/www.ucluce.org\/index.php?rest_route=%2Fwp%2Fv2%2Fmedia&parent=630"}],"curies":[{"name":"wp","href":"https:\/\/api.w.org\/{rel}","templated":true}]}}