{"id":66,"date":"2019-05-22T17:11:08","date_gmt":"2019-05-22T17:11:08","guid":{"rendered":"http:\/\/www.ucluce.org\/?page_id=66"},"modified":"2019-06-21T20:09:18","modified_gmt":"2019-06-21T20:09:18","slug":"vizyonmisyon","status":"publish","type":"page","link":"https:\/\/www.ucluce.org\/?page_id=66","title":{"rendered":"Vizyon&#038;Misyon"},"content":{"rendered":"\n<p><strong>V\u0130ZYONUMUZ<\/strong><\/p>\n\n\n\n<p>Tarihimizin derinliklerinden\ngelerek \u00f6z\u00fcm\u00fcz\u00fc olu\u015fturan milli ve manevi de\u011ferlerimize sahip \u00e7\u0131karak,\nk\u00f6y\u00fcm\u00fczden kilometrelerce uzakta bulunan k\u00f6yl\u00fclerimiz aras\u0131nda birli\u011fi,\nberaberli\u011fi, ekonomik ve sosyal yard\u0131mla\u015fmay\u0131 sa\u011flamak. De\u011fi\u015fen ve geli\u015fen\nko\u015fullara uyum sa\u011flayarak kendini yenileyen, yeniliklere \u00f6nc\u00fcl\u00fck eden, t\u00fcm\nbeklentileri kar\u015f\u0131layan, s\u00fcrekli \u00f6\u011frenen ve payla\u015fan bir Sivil Toplum Kurulu\u015fu\nhaline gelmektir.<\/p>\n\n\n\n<p><strong>M\u0130SYONUMUZ<\/strong> <\/p>\n\n\n\n<p>Y\u00f6resel k\u00fclt\u00fcr\u00fcm\u00fcz\u00fcn tan\u0131nmas\u0131na ve gen\u00e7lerimiz taraf\u0131ndan \u00f6\u011frenilmesine arac\u0131 olarak, yeni nesillerin tan\u0131\u015fma ve kayna\u015fmalar\u0131n\u0131 sa\u011flayacak sosyal ve k\u00fclt\u00fcrel faaliyetler yapmak. Ayn\u0131 ama\u00e7 etraf\u0131nda birle\u015fen ve ortak de\u011ferlere sahip k\u00f6yl\u00fcm\u00fcz\u00fcn, sahas\u0131nda \u00f6ne \u00e7\u0131kan isimlerin bilgi ve birikimlerinden istifade edilmesini temin etmek i\u00e7in sosyal, k\u00fclt\u00fcrel ve ticari alanda geli\u015fimine destek olmak, birlikte projeler geli\u015ftirmek, bu projelerin uygulanmas\u0131 i\u00e7in gerekli faaliyetler y\u00fcr\u00fctmektir. <\/p>\n","protected":false},"excerpt":{"rendered":"<p>V\u0130ZYONUMUZ Tarihimizin derinliklerinden gelerek \u00f6z\u00fcm\u00fcz\u00fc olu\u015fturan milli ve manevi de\u011ferlerimize&#8230;<\/p>\n","protected":false},"author":1,"featured_media":0,"parent":0,"menu_order":0,"comment_status":"closed","ping_status":"closed","template":"","meta":[],"_links":{"self":[{"href":"https:\/\/www.ucluce.org\/index.php?rest_route=\/wp\/v2\/pages\/66"}],"collection":[{"href":"https:\/\/www.ucluce.org\/index.php?rest_route=\/wp\/v2\/pages"}],"about":[{"href":"https:\/\/www.ucluce.org\/index.php?rest_route=\/wp\/v2\/types\/page"}],"author":[{"embeddable":true,"href":"https:\/\/www.ucluce.org\/index.php?rest_route=\/wp\/v2\/users\/1"}],"replies":[{"embeddable":true,"href":"https:\/\/www.ucluce.org\/index.php?rest_route=%2Fwp%2Fv2%2Fcomments&post=66"}],"version-history":[{"count":2,"href":"https:\/\/www.ucluce.org\/index.php?rest_route=\/wp\/v2\/pages\/66\/revisions"}],"predecessor-version":[{"id":300,"href":"https:\/\/www.ucluce.org\/index.php?rest_route=\/wp\/v2\/pages\/66\/revisions\/300"}],"wp:attachment":[{"href":"https:\/\/www.ucluce.org\/index.php?rest_route=%2Fwp%2Fv2%2Fmedia&parent=66"}],"curies":[{"name":"wp","href":"https:\/\/api.w.org\/{rel}","templated":true}]}}